ts digit of 268/s + (-2)/(-5)?
4
Suppose 3*q = -623 - 514. Let i be (-28)/(-21) + q/3. Let x = i + 209. What is the tens digit of x?
8
Suppose 4*s - 5*k = 12, 5*s + 4*k = s + 12. Suppose s*b = -r + 893, 2*b = r + 267 + 320. What is the units digit of b?
6
What is the tens digit of ((-1 - 7674/8) + 3)/((-7)/112)?
1
Suppose o + 7 = -2. Let d be (o - -38)*2*1/2. Suppose 0 = f + 1, -5*q + 0*f = f - d. What is the units digit of q?
6
Let f(c) = -6*c**2 - 12*c - 20 - 18*c**2 + 31*c**2. What is the units digit of f(-6)?
4
What is the hundreds digit of ((1620/42)/15)/((-2)/(-5166))?
6
Let p = 199 + -146. Let d = 75 - p. What is the tens digit of d?
2
Let s = 2703 - -16327. What is the tens digit of s?
3
Suppose 1447111 - 237886 = 204*s - 218163. What is the hundreds digit of s?
9
What is the thousands digit of (2 + 7 - 126235/(-5)) + 3?
5
What is the units digit of (3 - 66350/30)/((-2)/6)?
6
Suppose -24*a + 32 = -19*a + 3*j, -5*j = 5. Let d(k) = -2*k**3 + 0*k**3 - 14*k + k**3 - 12 + 10*k**2. What is the units digit of d(a)?
7
Suppose -9*f + 36 = -0*f. Suppose 153 = x + f*s, -x + 3*s + 129 = s. What is the units digit of x?
7
Let q(d) = 2*d**2 - 5*d + 7. Let o be q(2). Suppose -4*h + 6*h + 3116 = o*c, 0 = c + h - 626. What is the units digit of c?
4
Let u(a) = -4*a**3 - 2*a**2 - 2*a + 4. Let g be -16 - -11 - 4/(-2). What is the tens digit of u(g)?
0
Suppose 4*f - 31 - 9 = 0. Let v be 6/f + (-189)/(-35). Suppose -5*j = 2*t - 19 - v, -5*t + 13 = -4*j. What is the units digit of j?
3
Let q(v) = 10*v**3 - 9*v**2 + 10*v + 4. Let l = 122 - 119. What is the tens digit of q(l)?
2
Suppose -40*k = -14*k - 728. What is the units digit of (-36 - -3)/((-88)/k - -3)?
1
Let k = 41 - 54. Let r = -83 + 142. Let v = k + r. What is the tens digit of v?
4
Let c(v) = v**3 - 15*v**2 - 11*v + 7. Let w be c(16). Let z = 136 - w. Suppose -8*b = -7*b - z. What is the tens digit of b?
4
Let s = -29559 - -55778. What is the hundreds digit of s?
2
Let b(j) = -121*j**3 - 3*j**2 - 51*j - 202. What is the hundreds digit of b(-4)?
6
Let o(v) = -4*v + 54. Let k be o(15). What is the units digit of ((-10)/k + -1)*(-27108)/(-72)?
1
Let l(p) be the third derivative of p**6/120 + p**4/12 + 191*p**3/6 + 52*p**2. What is the tens digit of l(0)?
9
Let y(q) = q**3 - 4*q**2 - 10*q + 51. Let f be y(7). Suppose -f*o - 2620 = -130*o. What is the hundreds digit of o?
3
Suppose 0 = -62*h + 61*h + 2. Suppose h*j - j = 2. Suppose 4*s - 2*t + 113 - 373 = 0, 0 = -t + j. What is the units digit of s?
6
Suppose 2*t + 2*t + 79946 = 2*d, 0 = 3*d - 3*t - 119904. What is the units digit of (5/(-15))/((-7)/d)?
3
Let i(k) = 2*k + 392. Let n(r) = -r**3 + 5*r**2 + 10*r - 24. Let g be n(6). What is the hundreds digit of i(g)?
3
Suppose v + 23 = 27, 6 = -2*t + 3*v. Suppose 924 = t*l + 2*d, 318 = l + 3*d + d. What is the tens digit of l?
0
Suppose -29*k + 30*k - 1613 = -3*v, -16 = -4*v. What is the tens digit of k?
0
Let p be -5*3*(-2)/(-6). Let g be (-5 - -2) + p + 293. Suppose -b = 5*w + 2*b - 474, 3*w - g = -2*b. What is the tens digit of w?
9
Suppose 3*q + 13 = -5*j, 2*j - 8 = 3*q - 2*q. What is the units digit of (-9)/q + 2151/6?
0
Suppose -2*o - n = 836, o - n = 5*o + 1674. Let u = o - -647. What is the units digit of u?
8
Let u(l) = 5*l**3 - 90*l**2 - 130*l - 7. What is the tens digit of u(24)?
5
Let t(c) = -c**2 - 9*c - 18. Let i be t(-5). Let f(a) = 48*a**3 + a**2 + 2*a - 2. What is the units digit of f(i)?
0
Let r = 66 - -146. Let n = r + -189. What is the units digit of n?
3
Let n = 992 - 585. Let v = -214 + n. What is the hundreds digit of v?
1
Let r(g) = 52*g + 6. Suppose x = -2*q - 9, 3*x + 5*q + 0*q + 22 = 0. What is the tens digit of r(x)?
5
Suppose 57126 - 258453 = 187*i - 208*i. What is the thousands digit of i?
9
Suppose 50*i = 38*i - 1860. Let h = i + 227. What is the units digit of h?
2
Suppose -1350*d + 1361*d = 118932. What is the hundreds digit of d?
8
Let h(g) = 3273*g - 55. What is the units digit of h(10)?
5
Suppose 4*m + 67*t - 65912 = 72*t, -4*m = -4*t - 65904. What is the ten thousands digit of m?
1
Let t be (-4 - -4 - (0 + -1))/1. Let d be 14 - (t - 4/(-16)*-4). Let g = 16 - d. What is the units digit of g?
2
What is the thousands digit of (36/(-87))/6 + (-485387)/(-203)?
2
Let k be 75/(37/9 + -4). Let l = -482 + k. What is the hundreds digit of l?
1
Suppose -h + 261 = -0*m + 2*m, 3*m + h - 390 = 0. Suppose 2614 + 142 = 53*x. Let n = m - x. What is the units digit of n?
7
Let l = -2379 + 4348. What is the units digit of l?
9
Let n be ((-96)/(-80))/((-6)/40*1). Suppose -2*g + 79 - 767 = 0. What is the units digit of n/(-44) + g/(-44)?
8
Suppose 4*b = 78 - 58. What is the tens digit of 134 - b - (-8 - -5)?
3
Let r = 2022 - 1247. Let k = 415 - r. What is the units digit of (76/(-10))/(18/k)?
2
Let h(q) = -q**3 + 31*q**2 - 31*q - 7. Suppose 0 = -700*d + 694*d + 174. What is the units digit of h(d)?
6
Let p = 36 - 31. Suppose -2*v - 5*o = -177, -p*v + 5*o + 163 = -297. Suppose 3*s - 53 = v. What is the units digit of s?
8
Let s = 118120 + -53802. What is the thousands digit of s?
4
Suppose -3*c + 3*j + 297 = -0*j, 3*c = 4*j + 300. Suppose 4*p - 3*w = c, p + w = 4*w + 15. Let r = 9 + p. What is the tens digit of r?
3
Let v(k) = -4*k**2 - 43*k - 26. Let r be v(-10). Suppose -4*x + 2*h + 4684 = 0, -4692 = 9*x - 13*x + r*h. What is the hundreds digit of x?
1
Let y(n) = 127*n**2 - 89*n - 38. What is the units digit of y(-19)?
0
Suppose 126 = -15*w + w. What is the hundreds digit of w/6 - (-6825)/6?
1
Let u(j) = -1025*j + 3. What is the thousands digit of u(-2)?
2
Let i(s) = 2043*s**2 - 48*s - 112. What is the thousands digit of i(-3)?
8
Let o be (-8)/2*(5 + -1). Let k = o + 19. Suppose -6*g = -k*g - 138. What is the units digit of g?
6
Suppose -34*o - 8*o = -151368. What is the thousands digit of o?
3
Suppose -4*w = -4*q - 36, -4*w = -0*w + 5*q. Suppose -4*m + 5816 = 4*l, -657 - 777 = -m - w*l. What is the units digit of m?
9
What is the ten thousands digit of 4/96*9 + (-1513748)/(-32)?
4
Let u(l) = -4*l**3 - 88*l**2 - 52*l + 343. What is the hundreds digit of u(-30)?
7
Let u(t) = -t - 35. Let m be u(-37). Suppose 222 = a + v, m*a + 4*v = 6*a - 888. What is the tens digit of a?
2
Let b = 2 + 11. Suppose b = a - 4*p - 2, 2*a - 12 = 2*p. Suppose -10*j - a*j + 1235 = 0. What is the units digit of j?
5
Suppose -9*a + 51259 = -6*a + n, -4*a - 4*n = -68348. What is the hundreds digit of a?
0
Let c(y) = y**3 + 17*y**2 + 2*y - 17. Let h be (63/7 - 20)*1/1. What is the hundreds digit of c(h)?
6
Let s be 21 + 10*(-1)/2. Suppose 0 - s = -4*b. Suppose b*z = 3*z + 40. What is the tens digit of z?
4
Let g = 27253 - -28904. What is the thousands digit of g?
6
Suppose 15586 = 5*o + s, o - 4*s = 4*o - 9338. Suppose -o = -17*r + 14*r + 4*g, 5*g - 2117 = -2*r. What is the units digit of r?
6
Suppose 3*i + 60 + 27 = -4*a, 0 = -4*a - i - 93. What is the units digit of (2/(-3))/(a/5292)?
7
Let a(z) = 38*z**2 + 22*z - 881. What is the ten thousands digit of a(20)?
1
Suppose -b + 3 - 1 = 0. Let j(z) = 128*z - 17. What is the hundreds digit of j(b)?
2
Let b(x) = 20574*x**3 - 2*x**2 + x. What is the hundreds digit of b(1)?
5
Let m = 5722 + 11850. What is the hundreds digit of m?
5
What is the units digit of (-17)/((-2380)/112) + (-566752)/(-10)?
6
Let v = -1 + 27. Suppose -5*w = 5*q - 1435, 276 + 299 = 2*q + 3*w. Suppose 5*n - q = -v. What is the units digit of n?
2
Let d = 22381 - 11511. What is the hundreds digit of d?
8
Suppose 0 = 3*p + 4*p + 21. Let g(s) = s**2 + 6*s + 6. Let x be g(p). What is the units digit of (x - -2)*-11*2?
2
Let r(b) = 2*b**3 + 200*b**2 + 13*b - 593. What is the hundreds digit of r(-99)?
7
Let l = -181 - -183. Let x(u) = 2*u + 14. Let z be x(-10). What is the tens digit of 121/l - (-3)/z*-3?
6
Let h be 88/32*2*14. Suppose -m = 3*s + h, -3*s - 57 = -s - 5*m. Let f = s - -41. What is the units digit of f?
5
Suppose -24*o + 130804 - 1036 = 0. What is the hundreds digit of o?
4
Let t = -12094 + 16997. What is the units digit of t?
3
Let z be 27/12 - (15/12 + -1). Suppose -p = 5 - z. Let a(k) = -3*k**3 - k**2 - 4. What is the tens digit of a(p)?
6
Let w be 0 + 0 - (16 + -16). Let h be -2 + (-29 + -6 - 0/(-1)). What is the units digit of -1 + -1 + 0 + (w - h)?
5
Let g = 148 - -88. Let a be (-8)